 16 = 4*w, 0 = -2*q + w + 3*w + 1512. What are the prime factors of q?
2, 191
Suppose -2*s = -4*l + 5010, l + 5*s - 1194 = 42. Suppose -5*j = -4*n - l, 4*n + 1252 = 5*j + n. List the prime factors of j.
251
Suppose -2*u + 5*u + 3 = 0. Let z be 0*(4 + (-4 - u)). Suppose b - 2*q - 9 = z, 26 + 3 = 4*b - q. What are the prime factors of b?
7
List the prime factors of -88*(-2 + 6 + -5).
2, 11
Suppose 0 = 3*n - s - 11, n - 4*s = 6*n - 24. Suppose q - 5*h - 83 = -2*q, -22 = -q - n*h. List the prime factors of (q/(-8))/((-1)/4).
13
Let y(q) be the first derivative of -q**2/2 - 3*q + 10. Let u be y(-3). Suppose 54 = 2*r - f, u*f + f = -4. List the prime factors of r.
5
Suppose 0 = 2*l + 3*q - 805, -262 = 5*l + 4*q - 2278. List the prime factors of l.
2, 101
List the prime factors of (-9)/2*((-969)/9 + 3).
3, 157
Let c = -436 + 619. List the prime factors of c.
3, 61
Let t(k) = -8*k + 38. Let j(x) = 24*x - 114. Let d(g) = 3*j(g) + 8*t(g). What are the prime factors of d(9)?
2, 17
Let i = 98 - 33. Suppose q - 16 = i. List the prime factors of q.
3
Suppose 4*n - 7 = 5. Suppose 0*k - 3 = -n*k. Suppose -4*s - k = 3, 0 = 4*a - 3*s - 55. List the prime factors of a.
13
Suppose 13*s = 11485 + 7040. List the prime factors of s.
3, 5, 19
Let p be (1/3)/(29/609). List the prime factors of 184/5 - p/(-35).
37
Let n be (3 + -5)*(2 + -1). Let x = -1 + n. List the prime factors of (-11)/x - 1/(-3).
2
Let y(z) = -4*z**3 + 5*z**2 - 9*z - 9. Let n(h) = -5*h**3 + 5*h**2 - 9*h - 8. Let j(a) = -5*n(a) + 6*y(a). What are the prime factors of j(-6)?
2
Suppose -4 = -5*s + 56. Suppose 0 = s*l - 9*l - 24. Let v(o) = 6*o + 9. What are the prime factors of v(l)?
3, 19
Suppose 1746 = -3*f - 4*k + 6924, 0 = 2*f + 2*k - 3450. List the prime factors of f.
2, 3, 7, 41
Let t(x) = -6*x**3 + 4 + 7*x + 2*x**3 + 3*x**3 + 4*x**2 - 8. Let r be t(5). Let c(h) = h**2 - 3*h - 2. What are the prime factors of c(r)?
2
Let c(s) = -s**3 - 8*s**2 - 8*s - 7. Let z be c(-5). Let v = z + 129. What are the prime factors of v?
3, 29
Suppose -3994 - 128 = -6*h. What are the prime factors of h?
3, 229
Let z = -7 - -9. Suppose 3*j + z = 11. Suppose 0*n - 27 = -5*m - n, j*n - 11 = -m. List the prime factors of m.
5
Suppose 0 = -5*d + 2*d + 864. Suppose 5*c + d = 9*c. What are the prime factors of c?
2, 3
Let b = 40 + -38. Suppose f - 101 = -s - 10, -s + 97 = -b*f. What are the prime factors of s?
3, 31
Let p = -980 + 1596. List the prime factors of p.
2, 7, 11
Let k(t) be the second derivative of 13/12*t**4 - 5*t**2 + 2*t + 0 - 3*t**3 + 1/20*t**5. What are the prime factors of k(-14)?
2, 23
Suppose -4*v - 150 = -v. Let z = v - -84. List the prime factors of z.
2, 17
Suppose -2*s + 510 = s + 3*p, -2*s = -4*p - 328. Suppose s = 5*a - 107. List the prime factors of a.
5, 11
Let m = -17 + -4. List the prime factors of 46/14 - (-6)/m - -76.
79
Let a(o) = 44*o - 6. Let g be a(3). Let x = 300 - g. List the prime factors of x.
2, 3, 29
Suppose 4*c = 2687 + 2805. What are the prime factors of c?
1373
What are the prime factors of 4/14 + 959262/406?
17, 139
Suppose 0 = -15*r + 10*r - 10. Let d(y) = 4*y**2 + 3*y + 5. Let n be d(r). Suppose -92 = -3*x - 2*m, 2*x = -2*m - n + 77. List the prime factors of x.
2, 3, 5
Let r(m) = -m**3 + 7*m**2 + 3. Let d be r(7). Suppose -3 - 27 = -d*y. What are the prime factors of ((-58)/4)/((-5)/y)?
29
Let v(s) = -2*s**3 + 13*s**2 - s - 2. Let t be v(4). Let p = t + -27. What are the prime factors of p?
47
Let u be ((-18)/(-12))/(6/20). Let h(x) = x**3 - 7*x**2 - x + 5. Let t be h(7). List the prime factors of t + (u - 3) - -35.
5, 7
Suppose 683 = r + 4*i, 23*r - 4*i = 21*r + 1402. List the prime factors of r.
5, 139
Suppose 0 = -0*u + 3*u. Suppose -2*s - 58 = -4*g, -50 = -u*g - 5*g - 5*s. Let a = g - -9. What are the prime factors of a?
2, 11
Let i = 186 - 33. Suppose -3*p - 3*c = -i, -4*p + 214 - 20 = -c. Let g = p - 33. List the prime factors of g.
2
List the prime factors of ((-76)/152)/((-2)/7404).
3, 617
Let k(p) = 22*p + 4504. What are the prime factors of k(0)?
2, 563
Suppose -4 = -a - 14. List the prime factors of (-4)/a*770/2.
2, 7, 11
Let b(z) = z**3 + 5*z**2 + 3*z + 5. Let n be b(-5). Let w = n - -14. List the prime factors of (2/w)/(1/30).
3, 5
List the prime factors of (-2)/9 - -9357*(-16)/(-108).
2, 3, 7, 11
Let x(n) = n**2 + 8*n + 4. Let b be x(-8). Suppose 3*p + 3 = b*o, -4*p + 21 = 2*o + o. Suppose o*q = -0*q + 48. What are the prime factors of q?
2
Let k = 193 - 173. List the prime factors of k.
2, 5
Suppose 68*w - 88902 = 1538. What are the prime factors of w?
2, 5, 7, 19
Let j(v) = v + 4. Let a be j(-4). Let d(k) = a*k**2 - k**2 + 23 + 3. What are the prime factors of d(0)?
2, 13
Suppose 2*a - 5*j = -2, 0*a - 26 = -5*a - 3*j. Suppose 0 = q, -2*t - q + 10 = a. Let i(m) = -m**3 + 4*m**2 - m + 4. List the prime factors of i(t).
2, 5
Let p(l) = l**3 + 12*l**2 + 16*l + 13. Let d be p(-7). Let q = -99 + d. What are the prime factors of q?
47
Suppose 3*z + 2373 = 5*j - 3432, 4*z - 20 = 0. What are the prime factors of j?
2, 3, 97
Suppose -3*j - f - 11 = 0, 4*f + 18 = -4*j + f. Let h be 42/9 + j/(-9). Suppose 0 = -5*o - 7*y + 3*y + 128, 0 = o + h*y - 34. List the prime factors of o.
2, 3
Suppose 28*v - 8184 = 20*v. What are the prime factors of v?
3, 11, 31
List the prime factors of (-3 - (-2 + -4))*(-88)/(-6).
2, 11
Let d be 2 - (4 + 4 - -1). Let r be (-4)/2 - (-16 - d). Suppose r*v - 4*v - 93 = 0. List the prime factors of v.
31
Suppose -4*y = 5*x - 13902, -5*y - x + 10293 + 7074 = 0. List the prime factors of y.
23, 151
Suppose -2*o - 3*p + 907 = -659, 3118 = 4*o - p. What are the prime factors of o?
2, 3, 5, 13
Let u = -21 - -22. List the prime factors of 106 + u/(-1) + -4.
101
Let t(a) = -69*a**3 + a + 16. What are the prime factors of t(-3)?
2, 7, 67
Suppose -2*h + 2712 + 5978 = 0. List the prime factors of h.
5, 11, 79
Let t(q) = 2*q + 2. Let j be t(0). Suppose 179 = 3*o + 2*h, 3*o = -j*h + h + 184. Let v = 139 - o. List the prime factors of v.
2, 19
Suppose 5*k - 2*v = 3161, 4*v - 1598 = -4*k + 942. List the prime factors of k.
3, 211
Let o be (-168)/(-20) - (-3)/5. Let p be 11 - o - 2/(-1). Let l = 10 - p. What are the prime factors of l?
2, 3
Let y = -21 + 21. Suppose y = -5*n - 20 + 100. Let z = n + 26. List the prime factors of z.
2, 3, 7
Suppose -2*y - 72 = -3*r, -4*r + 5*r + 4*y = 10. What are the prime factors of r?
2, 11
Suppose o + 1458 = 4*x, -5*o + 424 = 4*x - 1022. What are the prime factors of x?
2, 7, 13
Let p be ((-6)/4)/(16/(-640)). Let n = 120 + p. List the prime factors of n.
2, 3, 5
Suppose -j - 5*c + 235 = 0, -2*j + 6*j - 5*c - 915 = 0. List the prime factors of j.
2, 5, 23
Suppose -s + 5*a + 6 = 0, 3 + 5 = 4*s - 4*a. List the prime factors of s*4*258/12.
2, 43
Let j = -541 + 1327. List the prime factors of j.
2, 3, 131
Suppose -2529 = -4*j - 5*a, j + 2*a = 617 + 19. List the prime factors of j.
2, 313
Suppose 0*y = 4*y. Let v be 1 + (-3 - y) + 6. Suppose -41 = -v*d + 55. What are the prime factors of d?
2, 3
List the prime factors of (-21 + 20)/((-1)/1) + 486.
487
Let m = -1421 + 3994. List the prime factors of m.
31, 83
Suppose 8*c + 5 = 3*c. Let z be (c/(-1)*-83)/(-1). What are the prime factors of 8/(-36) - z/(-9)?
3
Let q(t) = 7*t**2 - 15*t + 73. What are the prime factors of q(7)?
311
Suppose -5*g + 13 = 5*v + 3, 5*v + 4*g - 5 = 0. Let u = v - -3. List the prime factors of 5 + (u - 2) + 2.
5
Suppose 5*v - 3*v - 578 = 0. What are the prime factors of v?
17
Let j(v) = v + 14. Let t be j(-8). Suppose 3 + t = n. List the prime factors of n.
3
Let t be (-2)/(-4) + (-14)/(-4). Let c(l) = 6*l + 12. Let b(s) = -7*s - 12. Let o(i) = t*b(i) + 5*c(i). List the prime factors of o(12).
2, 3
Suppose -144 - 1236 = -5*r. Suppose 0 = -11*w - r + 3851. What are the prime factors of w?
5, 13
Let x(q) = 2*q - 19. Let n be x(8). Let o = n - -7. Suppose -d + o*z + 7 = 0, 5*d - 125 = z + z. What are the prime factors of d?
3
Suppose -183 + 48 = -5*w. Let r = 8 + -22. Let h = w + r. What are the prime factors of h?
13
Let b(l) be the first derivative of -3*l**4/4 - l**3/3 - 4*l**2 - 18*l + 22. What are the prime factors of b(-4)?
2, 5, 19
Suppose 797 + 213 = 5*v. Suppose 5*m - 17 + 223 = 3*g, -3*g + v = -4*m. What are the prime factors of g?
2, 31
Suppose 8*u